 m = -4014 + 4028. What is the greatest common divisor of m and 18158?
14
Suppose -130*w = -141*w - 77. Let v be w/((-7)/15)*(-96)/(-40). Let a be 3*-9*1/(-3). Calculate the greatest common divisor of v and a.
9
Suppose -6*j = -51 + 39. Suppose -4*u = 14 + 6, -j*u = 2*s - 4. Calculate the highest common factor of 203 and s.
7
Let m be (147/4)/(42/112). Suppose 5 = h + 3, -2*h = -b + 150. Calculate the greatest common divisor of b and m.
14
Let g = -38 + 39. Suppose -4*a = 8, -3*a - 12 = -w - 1. Suppose 0*l - w*l = -15. Calculate the highest common divisor of l and g.
1
Suppose -m - m = 322. Let h be m/(-5) + 22/(-110). Suppose 3*v - h - 22 = 0. Calculate the highest common factor of 2 and v.
2
Let p(n) = -5 - 4 - 4 + 16*n + 2. Let u be p(4). What is the greatest common divisor of u and 371?
53
Suppose 4623*g - 4601*g - 34034 = 0. Calculate the greatest common divisor of 14 and g.
7
Let d be ((9 + -27)/36)/((-3)/252). What is the greatest common divisor of 13923 and d?
21
Let a = -2078 + 2079. What is the greatest common factor of a and 64?
1
Let v = -4632 + 6648. Calculate the greatest common divisor of v and 315.
63
Suppose -1279 = -3*m + 2*p, 2*p + 5 + 1699 = 4*m. Let b = 123 - 38. Calculate the highest common factor of m and b.
85
Let r = -428 - -432. Let t be (2304/16)/(r + -2). Calculate the highest common divisor of 468 and t.
36
Suppose -588 = -2*c - i + 185, c + 5*i = 355. What is the highest common factor of 1690 and c?
130
Let s = -254 - -601. Let j = s - 127. Calculate the highest common divisor of j and 22.
22
Let l(o) = 655*o - 894. Let c be l(3). Calculate the greatest common divisor of 72 and c.
9
Suppose -5*y - 4*a + 34966 + 66641 = 0, 4*y = -3*a + 81285. What is the greatest common divisor of y and 39?
39
Let g = -151 - -259. Suppose 2185*v - 2201*v = -1296. What is the highest common factor of g and v?
27
Suppose 0 = 7*i - 16*i + 9. Suppose -4*k = 46 - 50. Calculate the highest common factor of k and i.
1
Suppose -2*d + 4*z = 18, 0 = 6*d - 2*d + z. Let b(g) = 108*g**2 + 5*g + 2. Let a be b(d). Suppose -42 = t - 2*t. What is the greatest common divisor of a and t?
21
Suppose 8*k = j + 11*k - 333, j - 337 = k. What is the greatest common factor of j and 189?
21
Suppose 0 = -46*i + 4*i + 672. Let v(o) = -12*o. Let h be v(-2). Calculate the highest common divisor of h and i.
8
Let o(y) = -428*y - 378. Let g be o(-14). Calculate the greatest common factor of g and 42.
14
Suppose 167 = 5*h - 163. Suppose -6*f + h = -360. Suppose -6*b + f = 5. Calculate the highest common factor of b and 44.
11
Let u(b) = -b**2 - 18*b - 11. Suppose 711*g - 16 = 712*g. Let i be u(g). Calculate the greatest common factor of 4 and i.
1
Suppose -f + 29 + 22 = 3*j, 147 = 2*f - 3*j. What is the greatest common divisor of 1738 and f?
22
Let z be 48750/45 - 20/15. Suppose -z*y = -1088*y + 372. Calculate the greatest common divisor of 155 and y.
31
Suppose 0 = a + 1, 2*k + 5*a - 130 = -119. Calculate the highest common divisor of 8632 and k.
8
Suppose 2*v + h = 76, -v + 10 + 22 = -h. Suppose -60*t - 519 = -63*t. Suppose -22*o + t + 223 = 0. What is the highest common factor of v and o?
18
Let n(d) = 3*d**2 + 31*d + 32. Let y be n(-11). Calculate the highest common factor of y and 1755.
27
Let a = 7167 - 7108. Calculate the greatest common divisor of a and 1711.
59
Let m be ((155/30)/31)/(1/18). Suppose 5*z - 102 = c + 11, -m*c - 9 = 0. What is the highest common factor of z and 231?
11
Suppose 35*a - 25544 = 4*a. Calculate the greatest common factor of a and 309.
103
Let i(h) = 2*h**2 + 2*h - 4. Let c be i(-4). Let z(s) = -s**3 - 9*s**2 + 107*s + 1255. Let o be z(-11). What is the highest common factor of o and c?
20
Suppose -2*q + 19 = 9, 0 = 9*p + 5*q - 65203. What is the highest common divisor of p and 102?
102
Let f = -33 - -39. Let w be (-354)/(-9)*9/f. Calculate the highest common divisor of 59 and w.
59
Suppose x - 3 = -x - 3*l, 3*x = -4*l + 5. Suppose -17*n = -2887 - 4933. Let g be 6/(-40)*-14 + (-46)/n. What is the greatest common factor of x and g?
1
Let v(m) = 2*m**2 + 2*m - 43. Let c = -54 + 60. Let f be v(c). Calculate the highest common factor of f and 1.
1
Let y be (-3)/(((-2)/(-3))/((-16)/36)). Suppose y*f + 6 + 4 = 2*r, -3*f = -5*r + 19. Suppose -r*i = -126 - 34. Calculate the highest common factor of i and 20.
20
Let k be (-476000)/(-5500)*11/2. What is the greatest common factor of 378 and k?
14
Let o be 184/460 - 640/(-25). Calculate the greatest common divisor of o and 18902.
26
Let a = -224 - -335. What is the highest common divisor of a and 246?
3
Let m be 91*(-12 - -9 - -11). Calculate the greatest common divisor of m and 884.
52
Let d = 68 - 66. Suppose 2*z + 6 = -d*y, -2*z + 4*y + 13 - 1 = 0. Suppose -3*n + 6 = z, 0*r - 2*r + 22 = 5*n. What is the highest common divisor of 15 and r?
3
Let j(t) = -2*t + 19. Suppose 3*c - 5 - 4 = 0, 3*n - 2*c = 0. Suppose 9 = n*o - 5. Let m be j(o). What is the greatest common factor of 30 and m?
5
Suppose 171*s = -290*s - 345*s + 9061052. What is the greatest common factor of 438 and s?
146
Let u(f) = 9*f - 14. Let w be u(2). Let h(m) = -4*m**3 - 2*m + 3. Let a be h(2). Let j be 3*(a/(-9) + -1). What is the highest common factor of j and w?
4
Let u(q) = 573*q - 101. Let a be u(2). Suppose 85*b - 104*b = -a. Suppose -3*p + 22 = -p. What is the greatest common divisor of b and p?
11
Let j = 6261 + -6157. What is the highest common divisor of j and 2626?
26
Let m be (4 - 1)/(3/9). Let s = -538 + 549. Suppose 11*u = -s*u + 22. What is the greatest common divisor of m and u?
1
Let p(c) be the third derivative of 13*c**4/8 - 59*c**3/6 + c**2 - 26*c. Let q be p(9). What is the greatest common divisor of 73 and q?
73
Suppose i = -139 - 383. Let r be i/14 - -4 - (-4)/14. Let m = 44 + r. Calculate the greatest common divisor of m and 99.
11
Suppose -w = -5 - 0, 5*w = 2*a - 39. Let s(d) = 1440*d**2 + d + 1. Let t be s(-1). Suppose -21*u = -26*u + t. What is the highest common divisor of a and u?
32
Let s(k) = 20*k - 36. Let p be s(-1). Let y = 58 + p. Suppose 10 = 5*h - 0*h, 5*z = 4*h + 82. Calculate the greatest common factor of z and y.
2
Let l be 189 - (1 + 0/(-1)). Let y(q) = q**3 + 116*q**2 + 234*q + 731. Let b be y(-114). Calculate the greatest common divisor of l and b.
47
Let t be (-4379766)/(-1133) - 126/77. Calculate the greatest common divisor of 224 and t.
56
Let m(w) = w**3 - 48*w**2 - 44*w - 182. Let h be m(49). Let s(i) = 2*i - 6. Let q be s(12). Calculate the greatest common divisor of q and h.
9
Let u be (-128)/12*(0 - -42). Let q be (15/4)/(42/u). Let o = q - -48. Calculate the greatest common divisor of o and 24.
8
Let i = -3 + 7. Let c be i - (-3)/(-4*(-12)/6848). Suppose -2*d + 5*d = c. Calculate the greatest common factor of d and 48.
48
Suppose k = -5*p + 107, 5*k + 4 - 14 = 0. Suppose -4*b + 8*b - 190 = -2*c, -410 = -4*c - 2*b. What is the highest common factor of p and c?
21
Let n(k) = -2*k**3 - 3*k**2 - 36*k - 118. Let c be n(-3). Calculate the greatest common factor of 2125 and c.
17
Let g(m) = -m**2 + 39*m - 234. Let q be g(14). What is the highest common divisor of q and 1682?
58
Let m be 12/10*(-10)/(-3). Suppose -5*w = m*c - 35, 4*w + 12 + 2 = c. Let g(p) = -p**2 + 6*p - 7. Let s be g(3). What is the greatest common factor of c and s?
2
Let j = 24166 + -19139. What is the highest common divisor of j and 110?
11
Suppose 0 = -4*n - 3*q + 487, -210*n + 115 = -209*n + 3*q. What is the greatest common divisor of 1178 and n?
62
Suppose -2*p - 105 = 3*p. Let m = -21 - p. Suppose m = -3*g - 9, -5*w + 0*g = g - 637. What is the highest common divisor of 16 and w?
16
Let h be (-42)/28*(2 + 0/4) + 363. Calculate the highest common divisor of 168 and h.
24
Let s be (-254)/(4/(-16)*-4). Let p = s + 166. Let v be (-14)/49 - p/14. Calculate the greatest common divisor of v and 6.
6
Suppose -4*u = 2*c - 124, 2*u + 3*c = u + 36. Suppose -8*k + x = -13*k + 701, -5*k - 3*x = -703. Calculate the greatest common divisor of u and k.
10
Let r be 483/14 - (-4)/(-8). Suppose 15 = -3*u - 3*i, -u - 15 = -2*i - 1. Let q be ((-2)/8)/(u/544). What is the highest common divisor of r and q?
17
Suppose -2*p + 2*z = -108, 3*p + 4*z = p + 84. Calculate the highest common factor of p and 4050.
50
Let n(w) = -14